{"id":12,"date":"2017-08-01T12:13:18","date_gmt":"2017-08-01T12:13:18","guid":{"rendered":"https:\/\/nueva.apostillarencolombia.com\/?page_id=12"},"modified":"2022-10-11T21:54:56","modified_gmt":"2022-10-11T21:54:56","slug":"contactanos","status":"publish","type":"page","link":"https:\/\/nueva.apostillarencolombia.com\/?page_id=12","title":{"rendered":"Contactanos"},"content":{"rendered":"\n\n\t<h1>\n\t\t\t\t\tContactanos\n\t\t\t\t<\/h1>\n\t<ul>\n\t\t<li>\t\t\t\t\n\t\t<h3>Detalles del contacto<\/h3><\/li>\t<\/ul>\n\t<p>Direcci\u00f3n: Cra 70c # 80 &#8211; 48, CC Plaza 80, Local 50, Colombia, Bogot\u00e1 D.C.<\/p>\n<p>N\u00famero : +57 315 6161802<\/p>\n<p>Email: apostillascolombianas@gmail.com<\/p>\n<p>Email : info@apostillarencolombia.com<\/p>\n\t<ul>\n\t\t<li>\t\t\t\t\n\t\t<h3>Horario de atenci\u00f3n<\/h3><\/li>\t<\/ul>\n\t<p>Lunes a Viernes: 9.00 AM &#8211; 5.00 PM<\/p>\n<p>S\u00e1bado: 10.00 AM &#8211; 2.00 PM<\/p>\n<p>Domingo: Cerrado<\/p>\n\t<h4>\n\t\t\t\t\tPara nosotros es importante contactarnos contigo\n\t\t\t\t<\/h4>\n\t<h2>\n\t\t\t\t\tEnvia el mensaje lo m\u00e1s pronto posible\n\t\t\t\t<\/h2>\n\t<div class=\"wpforms-container \" id=\"wpforms-7\"><form id=\"wpforms-form-7\" class=\"wpforms-validate wpforms-form\" data-formid=\"7\" method=\"post\" enctype=\"multipart\/form-data\" action=\"\/index.php?rest_route=%2Fwp%2Fv2%2Fpages%2F12\" data-token=\"7ca185a1c88ca52adb819cac7a75c366\"><noscript class=\"wpforms-error-noscript\">Por favor, activa JavaScript en tu navegador para completar este formulario.<\/noscript><div class=\"wpforms-field-container\"><div id=\"wpforms-7-field_0-container\" class=\"wpforms-field wpforms-field-name\" data-field-id=\"0\"><label class=\"wpforms-field-label wpforms-label-hide\" for=\"wpforms-7-field_0\">Tu Nombre<\/label><input type=\"text\" id=\"wpforms-7-field_0\" class=\"wpforms-field-large\" name=\"wpforms[fields][0]\" placeholder=\"Nombre y apellido\" ><\/div><div id=\"wpforms-7-field_1-container\" class=\"wpforms-field wpforms-field-email\" data-field-id=\"1\"><label class=\"wpforms-field-label wpforms-label-hide\" for=\"wpforms-7-field_1\">Email <span class=\"wpforms-required-label\">*<\/span><\/label><input type=\"email\" id=\"wpforms-7-field_1\" class=\"wpforms-field-large wpforms-field-required\" name=\"wpforms[fields][1]\" placeholder=\"Email\" required><\/div><div id=\"wpforms-7-field_3-container\" class=\"wpforms-field wpforms-field-text\" data-field-id=\"3\"><label class=\"wpforms-field-label wpforms-label-hide\" for=\"wpforms-7-field_3\">Tu numero<\/label><input type=\"text\" id=\"wpforms-7-field_3\" class=\"wpforms-field-large\" name=\"wpforms[fields][3]\" placeholder=\"Numero de contacto\" ><\/div><div id=\"wpforms-7-field_2-container\" class=\"wpforms-field wpforms-field-textarea\" data-field-id=\"2\"><label class=\"wpforms-field-label wpforms-label-hide\" for=\"wpforms-7-field_2\">Asunto del mensaje <span class=\"wpforms-required-label\">*<\/span><\/label><textarea id=\"wpforms-7-field_2\" class=\"wpforms-field-large wpforms-field-required\" name=\"wpforms[fields][2]\" required><\/textarea><\/div><\/div><div class=\"wpforms-field wpforms-field-hp\"><label for=\"wpforms-7-field-hp\" class=\"wpforms-field-label\">Phone<\/label><input type=\"text\" name=\"wpforms[hp]\" id=\"wpforms-7-field-hp\" class=\"wpforms-field-medium\"><\/div><div class=\"wpforms-submit-container\"><input type=\"hidden\" name=\"wpforms[id]\" value=\"7\"><input type=\"hidden\" name=\"wpforms[author]\" value=\"1\"><button type=\"submit\" name=\"wpforms[submit]\" id=\"wpforms-submit-7\" class=\"wpforms-submit\" data-alt-text=\"Sending...\" data-submit-text=\"Enviar mensaje\" aria-live=\"assertive\" value=\"wpforms-submit\">Enviar mensaje<\/button><\/div><\/form><\/div>  <!-- .wpforms-container -->\n\t<iframe src=\"https:\/\/www.google.com\/maps\/embed?pb=!1m14!1m8!1m3!1d15905.753976044323!2d-74.0856767!3d4.6936181!3m2!1i1024!2i768!4f13.1!3m3!1m2!1s0x0%3A0x56a260dc89a149da!2sApostillar%20en%20Colombia!5e0!3m2!1ses!2sco!4v1665444418270!5m2!1ses!2sco\" width=\"1920\" height=\"600\" allowfullscreen=\"\" loading=\"lazy\" referrerpolicy=\"no-referrer-when-downgrade\"><\/iframe>\n\n","protected":false},"excerpt":{"rendered":"<p>Contactanos Detalles del contacto Direcci\u00f3n: Cra 70c # 80 &#8211; 48, CC Plaza 80, Local 50, Colombia, Bogot\u00e1 D.C. N\u00famero : +57 315 6161802 Email: apostillascolombianas@gmail.com Email : info@apostillarencolombia.com Horario de atenci\u00f3n Lunes a Viernes: 9.00 AM &#8211; 5.00 PM S\u00e1bado: 10.00 AM &#8211; 2.00 PM Domingo: Cerrado Para nosotros es importante contactarnos contigo Envia &hellip;<\/p>\n<p class=\"read-more\"> <a class=\"\" href=\"https:\/\/nueva.apostillarencolombia.com\/?page_id=12\"> <span class=\"screen-reader-text\">Contactanos<\/span> Leer m\u00e1s &raquo;<\/a><\/p>\n","protected":false},"author":1,"featured_media":0,"parent":0,"menu_order":0,"comment_status":"closed","ping_status":"closed","template":"","meta":{"om_disable_all_campaigns":false,"_monsterinsights_skip_tracking":false,"_monsterinsights_sitenote_active":false,"_monsterinsights_sitenote_note":"","_monsterinsights_sitenote_category":0},"aioseo_notices":[],"_links":{"self":[{"href":"https:\/\/nueva.apostillarencolombia.com\/index.php?rest_route=\/wp\/v2\/pages\/12"}],"collection":[{"href":"https:\/\/nueva.apostillarencolombia.com\/index.php?rest_route=\/wp\/v2\/pages"}],"about":[{"href":"https:\/\/nueva.apostillarencolombia.com\/index.php?rest_route=\/wp\/v2\/types\/page"}],"author":[{"embeddable":true,"href":"https:\/\/nueva.apostillarencolombia.com\/index.php?rest_route=\/wp\/v2\/users\/1"}],"replies":[{"embeddable":true,"href":"https:\/\/nueva.apostillarencolombia.com\/index.php?rest_route=%2Fwp%2Fv2%2Fcomments&post=12"}],"version-history":[{"count":3,"href":"https:\/\/nueva.apostillarencolombia.com\/index.php?rest_route=\/wp\/v2\/pages\/12\/revisions"}],"predecessor-version":[{"id":1582,"href":"https:\/\/nueva.apostillarencolombia.com\/index.php?rest_route=\/wp\/v2\/pages\/12\/revisions\/1582"}],"wp:attachment":[{"href":"https:\/\/nueva.apostillarencolombia.com\/index.php?rest_route=%2Fwp%2Fv2%2Fmedia&parent=12"}],"curies":[{"name":"wp","href":"https:\/\/api.w.org\/{rel}","templated":true}]}}