{"id":806,"date":"2017-08-01T12:13:15","date_gmt":"2017-08-01T12:13:15","guid":{"rendered":"https:\/\/nueva.apostillarencolombia.com\/?page_id=806"},"modified":"2022-10-12T15:02:54","modified_gmt":"2022-10-12T15:02:54","slug":"home","status":"publish","type":"page","link":"https:\/\/nueva.apostillarencolombia.com\/","title":{"rendered":"Home"},"content":{"rendered":"\n\n\t<ul>\n\t\t<li>\t\t\t\t\n\t\t<h2>+57 315 6161802<\/h2><p>Puedes llamarnos y hablar con un asesor experto.<\/p><\/li>\t<\/ul>\n\t<ul>\n\t\t<li>\t\t\t\t\n\t\t<h2>ASESORIAS JURIDICAS<\/h2><p>Escribe por whatsapp para que nuestros asesores legales te atiendan.<\/p><\/li>\t<\/ul>\n\t<h5>\n\t\t\t\t\tCONOCE\n\t\t\t\t<\/h5>\n\t<h2>\n\t\t\t\t\tACERCA DE NOSOTROS\n\t\t\t\t<\/h2>\n\t\t\t<p>Somos una compa\u00f1\u00eda con experiencia de casi dos d\u00e9cadas en los procesos relacionados con tr\u00e1mites de Apostillas, Traducciones Oficiales, B\u00fasqueda de Documentos, Visados, Compulsas, Homologaciones entre otros. Contamos con la disposici\u00f3n y disponibilidad de atender cualquier solicitud, siempre brindando a nuestros clientes opciones de calidad que cumplen con los requisitos legales vigentes para cada caso. Para ello estamos en continua capacitaci\u00f3n y actualizaci\u00f3n de cada proceso. Contamos tambi\u00e9n con las oficinas corresponsales en Espa\u00f1a y Estados Unidos para documentos que llegan sin el debido tr\u00e1mite. Aqu\u00ed lo solucionamos.\u00a0<\/p>\n\t<ul>\n\t\t<li>\t\t\t\t\n\t\t<h5>10 A\u00d1OS DE EXPERIENCIA<\/h5><p>Facilit\u00e1ndole la vida a miles de personas con nuestro servicio.<\/p><\/li>\t<\/ul>\n\t<ul>\n\t\t<li>\t\t\t\t\n\t\t<h5>Excelente atenci\u00f3n<\/h5><p>Mira nuestra calificaciones.<\/p><\/li>\t<\/ul>\n\t\t\t\t<img src=\"https:\/\/nueva.apostillarencolombia.com\/wp-content\/uploads\/2022\/10\/APOSTILLAR_17.webp\" alt=\"APOSTILLAR_17\" itemprop=\"image\"\/>\n\t<h2>\n\t\t\t\t\tTe agilizamos los tramites con:\n\t\t\t\t<\/h2>\n\t\t\t\t<img src=\"https:\/\/nueva.apostillarencolombia.com\/wp-content\/uploads\/2022\/10\/rnec-logo.png\" alt=\"rnec-logo\" itemprop=\"image\"\/>\n\t\t\t\t<img src=\"https:\/\/nueva.apostillarencolombia.com\/wp-content\/uploads\/2022\/10\/APOSTILLAR_115.webp\" alt=\"APOSTILLAR_115\" itemprop=\"image\"\/>\n\t\t\t\t<img src=\"https:\/\/nueva.apostillarencolombia.com\/wp-content\/uploads\/2022\/10\/logocancilleria.png\" alt=\"logocancilleria\" itemprop=\"image\"\/>\n\t\t\t\t<img src=\"https:\/\/nueva.apostillarencolombia.com\/wp-content\/uploads\/2022\/10\/logo-americana.png\" alt=\"logo americana\" itemprop=\"image\"\/>\n\t<h5>\n\t\t\t\t\tTe ayudamos\n\t\t\t\t<\/h5>\n\t<h2>\n\t\t\t\t\tAREAS DE SERVICIO\n\t\t\t\t<\/h2>\n\t<ul>\n\t\t<li>\t\t\t\t\n\t\t<h4>TRADUCCIONES OFICIALES<\/h4><p>Servicio de traducci\u00f3n oficial certificada, de todos los idiomas. Capacidad y disponibilidad para entregar en horas con nuestro servicio flash speed (aplica para idioma ingles).\u00a0<\/p><\/li><li>\t\t\t\t\n\t\t<h4>APOSTILLAS<\/h4><p>La Apostilla le permite cumplir a cabalidad con los reglamentos internacionales para presentar documentos. Tenemos experiencia de mas de 10 a\u00f1os. D\u00e9jelo en nuestras manos. Tramitamos documentos Colombianos, Espa\u00f1oles y Americanos\u00a0<\/p><\/li><li>\t\t\t\t\n\t\t<h4>P\u00d3LIZAS<\/h4><p>Disfrute de su viaje y no se preocupe por situaciones que una p\u00f3liza de viaje puede cubrir, Obtenga el mejor seguro de viaje, planes siempre al mejor precio y los mejores beneficios. Viaje siempre seguro.<\/p><\/li><li>\t\t\t\t\n\t\t<h4>ENV\u00cdOS INTERNACIONALES<\/h4><p>Haga sus env\u00edos m\u00e1s r\u00e1pido y al mejor precio, con nuestro servicio de paqueter\u00eda y env\u00edo de documentos priority express a todos los rincones del mundo, con o sin seguro. Cotice sin compromiso, recogemos en su casa.<\/p><\/li>\t<\/ul>\n\t<ul>\n\t\t<li>\t\t\t\t\n\t\t<h4>HOMOLOGACIONES<\/h4><p>Diplomas, certificaciones, y estudios pueden ser homologados cumpliendo con las especificaciones requeridas. Nosotros prestamos el servicio de homologaci\u00f3n de t\u00edtulos colombianos en Espa\u00f1a y en Argentina y de t\u00edtulos extranjeros en Colombia.<\/p><\/li><li>\t\t\t\t\n\t\t<h4>VISAS<\/h4><p>Somos especialistas en asesorar y tramitar todo lo relacionado con sus visas. Profesionales le guiar\u00e1n en cada paso para hacer su proceso efectivo y sin complicaciones. No permita que una mala asesor\u00eda arruine sus expectativas.\u00a0<\/p><\/li><li>\t\t\t\t\n\t\t<h4>ASESOR\u00cdAS<\/h4><p>Cuente con nuestros 18 a\u00f1os de experiencia, con la solidez y seguridad que usted y sus tramites necesitan,\u00a0 est\u00e1 en las mejores manos, no permita que gente con poco experticia haga lo que nosotros con nuestro respaldo podemos hacer.<\/p><\/li>\t<\/ul>\n\t\t\t<a href=\"#\" target=\"_self\" role=\"button\" rel=\"noopener\">\n\t\t\t\t\t\tAgendar cita\n\t\t<\/a>\n\t\t\t\t<img src=\"https:\/\/nueva.apostillarencolombia.com\/wp-content\/uploads\/2022\/10\/APOSTILLAR_18.webp\" alt=\"APOSTILLAR_18\" itemprop=\"image\"\/>\n\t\t\t\t<img src=\"https:\/\/nueva.apostillarencolombia.com\/wp-content\/uploads\/2022\/10\/APOSTILLAR_315.webp\" alt=\"APOSTILLAR_315\" itemprop=\"image\"\/>\n\t<h5>\n\t\t\t\t\tSOMOS ESPECIALISTAS EN HACER SU VIDA MAS F\u00c1CIL\n\t\t\t\t<\/h5>\n\t<h2>\n\t\t\t\t\t3 Razones de como te hacemos la vida m\u00e1s facil.\n\t\t\t\t<\/h2>\n\t<ul>\n\t\t<li>\t\t\t\t\n\t\t<h3>Le evitamos incontables filas y tramites:<\/h3><p>su tiempo es muy valioso, permita que hagamos todo por usted.<\/p><\/li><li>\t\t\t\t\n\t\t<h3>La Experiencia:<\/h3><p>que tenemos hace que podamos optimizar el tiempo para tener todo listo antes de lo previsto.<\/p><\/li><li>\t\t\t\t\n\t\t<h3>Asesoria constante:<\/h3><p>Le asesoramos de principio a fin de acuerdo a las actualizaciones y requerimientos vigentes.<\/p><\/li>\t<\/ul>\n\t<h5>\n\t\t\t\t\tNO SE PREOCUPE APOSTILLAR EN COLOMBIA LO HACE POR USTED\n\t\t\t\t<\/h5>\n\t<h2>\n\t\t\t\t\tLLAMA AHORA AL +57 315 6161802\n\t\t\t\t<\/h2>\n\t\t\t<a href=\"#\" target=\"_self\" role=\"button\" rel=\"noopener\">\n\t\t\t\t\t\tESCRIBIR VIA WHATSAPP\n\t\t<\/a>\n\t<h5>\n\t\t\t\t\tVive el sue\u00f1o que tanto quieres\n\t\t\t\t<\/h5>\n\t<h2>\n\t\t\t\t\tNuestros clientes dicen\n\t\t\t\t<\/h2>\n\t<p>Gracias por su asesor\u00eda de principio a fin hasta obtener la visa de turista muchas muchas gracias.<\/p>\n\t<ul>\n\t\t<li>\t\t\n\t\t\t\t<img src=\"https:\/\/nueva.apostillarencolombia.com\/wp-content\/uploads\/bb-plugin\/cache\/testimonial-3-circle.jpg\" alt=\"testimonial-3\" itemprop=\"image\"\/>\n\t\t<h4>Lucy Patricia<\/h4><p>Colombia<\/p><\/li>\t<\/ul>\n<p>Su servicio de apostillamiento de documentos, fue de gran utilidad para mi&#8230;<\/p>\n\t<ul>\n\t\t<li>\t\t\n\t\t\t\t<img src=\"https:\/\/nueva.apostillarencolombia.com\/wp-content\/uploads\/bb-plugin\/cache\/testimonial-1-circle.jpg\" alt=\"testimonial-1\" itemprop=\"image\"\/>\n\t\t<h4>Thomas Perez<\/h4><p>Colombia<\/p><\/li>\t<\/ul>\n\n","protected":false},"excerpt":{"rendered":"<p>+57 315 6161802 Puedes llamarnos y hablar con un asesor experto. ASESORIAS JURIDICAS Escribe por whatsapp para que nuestros asesores legales te atiendan. CONOCE ACERCA DE NOSOTROS Somos una compa\u00f1\u00eda con experiencia de casi dos d\u00e9cadas en los procesos relacionados con tr\u00e1mites de Apostillas, Traducciones Oficiales, B\u00fasqueda de Documentos, Visados, Compulsas, Homologaciones entre otros. Contamos &hellip;<\/p>\n<p class=\"read-more\"> <a class=\"\" href=\"https:\/\/nueva.apostillarencolombia.com\/\"> <span class=\"screen-reader-text\">Home<\/span> Leer m\u00e1s &raquo;<\/a><\/p>\n","protected":false},"author":1,"featured_media":0,"parent":0,"menu_order":0,"comment_status":"closed","ping_status":"closed","template":"","meta":{"om_disable_all_campaigns":false,"_monsterinsights_skip_tracking":false,"_monsterinsights_sitenote_active":false,"_monsterinsights_sitenote_note":"","_monsterinsights_sitenote_category":0},"aioseo_notices":[],"_links":{"self":[{"href":"https:\/\/nueva.apostillarencolombia.com\/index.php?rest_route=\/wp\/v2\/pages\/806"}],"collection":[{"href":"https:\/\/nueva.apostillarencolombia.com\/index.php?rest_route=\/wp\/v2\/pages"}],"about":[{"href":"https:\/\/nueva.apostillarencolombia.com\/index.php?rest_route=\/wp\/v2\/types\/page"}],"author":[{"embeddable":true,"href":"https:\/\/nueva.apostillarencolombia.com\/index.php?rest_route=\/wp\/v2\/users\/1"}],"replies":[{"embeddable":true,"href":"https:\/\/nueva.apostillarencolombia.com\/index.php?rest_route=%2Fwp%2Fv2%2Fcomments&post=806"}],"version-history":[{"count":7,"href":"https:\/\/nueva.apostillarencolombia.com\/index.php?rest_route=\/wp\/v2\/pages\/806\/revisions"}],"predecessor-version":[{"id":1588,"href":"https:\/\/nueva.apostillarencolombia.com\/index.php?rest_route=\/wp\/v2\/pages\/806\/revisions\/1588"}],"wp:attachment":[{"href":"https:\/\/nueva.apostillarencolombia.com\/index.php?rest_route=%2Fwp%2Fv2%2Fmedia&parent=806"}],"curies":[{"name":"wp","href":"https:\/\/api.w.org\/{rel}","templated":true}]}}