{"id":808,"date":"2017-08-01T12:13:17","date_gmt":"2017-08-01T12:13:17","guid":{"rendered":"https:\/\/nueva.apostillarencolombia.com\/?page_id=808"},"modified":"2022-10-12T15:01:57","modified_gmt":"2022-10-12T15:01:57","slug":"servicios","status":"publish","type":"page","link":"https:\/\/nueva.apostillarencolombia.com\/?page_id=808","title":{"rendered":"Servicios"},"content":{"rendered":"\n\n\t<h1>\n\t\t\t\t\tNuestros Servicios\n\t\t\t\t<\/h1>\n\t<p>Usted puede contar con nuestra experiencia y eficacia para realizar todos sus requerimientos, somos r\u00e1pidos, eficientes y eficaces en los procesos de Apostilla, Traducciones Oficiales, Visas, P\u00f3lizas de viaje, Env\u00edos Internacionales, Homologaciones, entre otros.<\/p>\n\t<h4>\n\t\t\t\t\tEspecialidades:\n\t\t\t\t<\/h4>\n\t<ul>\n\t\t<li>\t\t\t\t\n\t\t<h5>Apostillas<\/h5><\/li><li>\t\t\t\t\n\t\t<h5>Traducciones oficiales<\/h5><\/li><li>\t\t\t\t\n\t\t<h5>Visa<\/h5><\/li><li>\t\t\t\t\n\t\t<h5>Homologaciones<\/h5><\/li><li>\t\t\t\t\n\t\t<h5>Polizas<\/h5><\/li>\t<\/ul>\n\t\t\t\t<img src=\"https:\/\/nueva.apostillarencolombia.com\/wp-content\/uploads\/2021\/03\/icon-3.png\" alt=\"icon-3\" itemprop=\"image\"\/>\n\t<h3>\n\t\t\t\t\tApostillas\n\t\t\t\t<\/h3>\n\t\t\t<p>Somos Expertos En El Proceso De Apostilla De Documentos, Colombianos, Espa\u00f1oles Y Estadounidenses.<\/p>\n<p>Para Documentos Colombianos:<\/p>\n<ul>\n<li>Los Antecedentes Penales Tardan 1 Hora<\/li>\n<li>Los Documentos De Notar\u00eda Tardan 2 D\u00edas H\u00e1biles<\/li>\n<li>Los Documentos De Colegio De Bogot\u00e1 Tardan De 10 A 15 D\u00edas H\u00e1biles<\/li>\n<li>Los Documentos De Universidad Se Tardan De 3 A 5 D\u00edas H\u00e1biles<\/li>\n<li>Los Registros Civiles De Registradur\u00eda Se Tardan De 3 A 5 D\u00edas H\u00e1biles<\/li>\n<li>Para Documentos Espa\u00f1oles:<\/li>\n<li>Tiempo De Proceso Es De 20 D\u00edas H\u00e1biles<\/li>\n<li>Para Documentos Estadounidenses:<\/li>\n<li>Tiempo De Proceso Es De 10 A 20 D\u00edas H\u00e1biles<\/li>\n<\/ul>\n\t\t\t\t<img src=\"https:\/\/nueva.apostillarencolombia.com\/wp-content\/uploads\/2022\/10\/APOSTILLAR_617.webp\" alt=\"APOSTILLAR_617\" itemprop=\"image\"\/>\n\t\t\t\t<img src=\"https:\/\/nueva.apostillarencolombia.com\/wp-content\/uploads\/2017\/08\/law-image05-2-free-img.jpg\" alt=\"Women discussing issue\" itemprop=\"image\"\/>\n\t\t\t\t<img src=\"https:\/\/nueva.apostillarencolombia.com\/wp-content\/uploads\/2021\/03\/icon-2.png\" alt=\"icon-2\" itemprop=\"image\"\/>\n\t<h3>\n\t\t\t\t\tTraducciones oficiales\n\t\t\t\t<\/h3>\n\t\t\t<h3>Somos Traductores Oficiales, Jurados O Certificados.<\/h3>\n<ul>\n<li>Manejamos Traducciones En Idioma Ingl\u00e9s, Franc\u00e9s, Alem\u00e1n, Italiano Entre Otros<\/li>\n<li>Tenemos Un Servicio Eficiciente, Podemos Entregar Traducciones En Ingl\u00e9s En Horas<\/li>\n<li>Hacemos Entregas A Domicilio Y A Nivel Nacional<\/li>\n<li>Haga Sus Cotizaciones En Nuestro Correo Apostillascolombianas@Gmail.Com<\/li>\n<\/ul>\n<h3>O Por Medio De Nuestro Whatsapp +57 3156161802<\/h3>\n\t\t\t\t<img src=\"https:\/\/nueva.apostillarencolombia.com\/wp-content\/uploads\/2021\/03\/icon-1.png\" alt=\"icon-1\" itemprop=\"image\"\/>\n\t<h3>\n\t\t\t\t\tVisas\n\t\t\t\t<\/h3>\n\t\t\t<ul>\n<li>Tenemos Experiencia En:<\/li>\n<li>Visa De Turismo Para EEUU.<\/li>\n<li>Visa De Estudiante Para EEUU.<\/li>\n<li>Visa De Estudiante Para Espa\u00f1a.<\/li>\n<li>Visa De Conyugu\u00e9 Para Colombia.<\/li>\n<li>Visa De Trabajo Para Colombia.<\/li>\n<li>Visa De Estudio Para Colombia.<\/li>\n<\/ul>\n\t\t\t\t<img src=\"https:\/\/nueva.apostillarencolombia.com\/wp-content\/uploads\/2022\/10\/APOSTILLAR_549.webp\" alt=\"APOSTILLAR_549\" itemprop=\"image\"\/>\n\t\t\t\t<img src=\"https:\/\/nueva.apostillarencolombia.com\/wp-content\/uploads\/2022\/10\/APOSTILLAR_551.webp\" alt=\"APOSTILLAR_551\" itemprop=\"image\"\/>\n\t\t\t\t<img src=\"https:\/\/nueva.apostillarencolombia.com\/wp-content\/uploads\/2021\/03\/icon-2.png\" alt=\"icon-2\" itemprop=\"image\"\/>\n\t<h3>\n\t\t\t\t\tHomologaciones\n\t\t\t\t<\/h3>\n\t\t\t<ul>\n<li>Prestamos El Servicio De Homologaci\u00f3n De T\u00edtulos De Bachillerato Y Universitarios:<\/li>\n<li>En Espa\u00f1a<\/li>\n<li>En Argentina<\/li>\n<li>Tambi\u00e9n Hacemos Convalidaci\u00f3n De T\u00edtulos De Bachillerato Y Universitarios: En Colombia.<\/li>\n<\/ul>\n\t\t\t\t<img src=\"https:\/\/nueva.apostillarencolombia.com\/wp-content\/uploads\/2021\/03\/icon-1.png\" alt=\"icon-1\" itemprop=\"image\"\/>\n\t<h3>\n\t\t\t\t\tPolizas\n\t\t\t\t<\/h3>\n\t\t\t<ul>\n<li>P\u00f3lizas De Viaje Al Mejor Precio Y Con Las Mejores Coberturas<\/li>\n<li>Viaje Siempre Seguro<\/li>\n<li>A Cualquier Destino<\/li>\n<li>Desde Cualquier Destino<\/li>\n<li>Todos Los Presupuestos<\/li>\n<li>Cot\u00edcelo Ahora<\/li>\n<\/ul>\n\t\t\t\t<img src=\"https:\/\/nueva.apostillarencolombia.com\/wp-content\/uploads\/2022\/10\/APOSTILLAR_705.webp\" alt=\"APOSTILLAR_705\" itemprop=\"image\"\/>\n\t<h5>\n\t\t\t\t\tConsulta gratis\n\t\t\t\t<\/h5>\n\t<h2>\n\t\t\t\t\tPuedes pedir una asesoria gratuita con nosotros.\n\t\t\t\t<\/h2>\n\t\t\t<a href=\"#\" target=\"_self\" role=\"button\" rel=\"noopener\">\n\t\t\t\t\t\tContactar ya\n\t\t<\/a>\n\t<h5>\n\t\t\t\t\tVentajas \n\t\t\t\t<\/h5>\n\t<h2>\n\t\t\t\t\tNuestros servicios\n\t\t\t\t<\/h2>\n\t<ul>\n\t\t<li>\t\t\t\t\n\t\t<h4>Le evitamos<\/h4><p>trasladarse, no se mueva de su casa o lugar de trabajo, hacemos todo a domicilio, pensamos en su comodidad.<\/p><\/li><li>\t\t\t\t\n\t\t<h4>Le brindamos<\/h4><p>la seguridad y confianza que usted necesita, lo mas importante es su tranquilidad.<\/p><\/li><li>\t\t\t\t\n\t\t<h4>Tenemos m\u00e1s de 18 a\u00f1os<\/h4><p>de experiencia. Por eso nuestra garant\u00eda, seriedad y cumplimiento. Nuestro mayor logro es su recomendaci\u00f3n.<\/p><\/li>\t<\/ul>\n\t<h5>\n\t\t\t\t\tASESORIAS LEGALES\n\t\t\t\t<\/h5>\n\t\n\t\t\t<ul>\n<li>Sucesiones.<\/li>\n<li>Ley de insolvencia.<\/li>\n<li>Demandas.<\/li>\n<li>Divorcios.<\/li>\n<\/ul>\n\t\t\t<a href=\"#\" target=\"_self\" role=\"button\" rel=\"noopener\">\n\t\t\t\t\t\tContactar ya\n\t\t<\/a>\n\n","protected":false},"excerpt":{"rendered":"<p>Nuestros Servicios Usted puede contar con nuestra experiencia y eficacia para realizar todos sus requerimientos, somos r\u00e1pidos, eficientes y eficaces en los procesos de Apostilla, Traducciones Oficiales, Visas, P\u00f3lizas de viaje, Env\u00edos Internacionales, Homologaciones, entre otros. Especialidades: Apostillas Traducciones oficiales Visa Homologaciones Polizas Apostillas Somos Expertos En El Proceso De Apostilla De Documentos, Colombianos, Espa\u00f1oles &hellip;<\/p>\n<p class=\"read-more\"> <a class=\"\" href=\"https:\/\/nueva.apostillarencolombia.com\/?page_id=808\"> <span class=\"screen-reader-text\">Servicios<\/span> Leer m\u00e1s &raquo;<\/a><\/p>\n","protected":false},"author":1,"featured_media":0,"parent":0,"menu_order":0,"comment_status":"closed","ping_status":"closed","template":"","meta":{"om_disable_all_campaigns":false,"_monsterinsights_skip_tracking":false,"_monsterinsights_sitenote_active":false,"_monsterinsights_sitenote_note":"","_monsterinsights_sitenote_category":0},"aioseo_notices":[],"_links":{"self":[{"href":"https:\/\/nueva.apostillarencolombia.com\/index.php?rest_route=\/wp\/v2\/pages\/808"}],"collection":[{"href":"https:\/\/nueva.apostillarencolombia.com\/index.php?rest_route=\/wp\/v2\/pages"}],"about":[{"href":"https:\/\/nueva.apostillarencolombia.com\/index.php?rest_route=\/wp\/v2\/types\/page"}],"author":[{"embeddable":true,"href":"https:\/\/nueva.apostillarencolombia.com\/index.php?rest_route=\/wp\/v2\/users\/1"}],"replies":[{"embeddable":true,"href":"https:\/\/nueva.apostillarencolombia.com\/index.php?rest_route=%2Fwp%2Fv2%2Fcomments&post=808"}],"version-history":[{"count":10,"href":"https:\/\/nueva.apostillarencolombia.com\/index.php?rest_route=\/wp\/v2\/pages\/808\/revisions"}],"predecessor-version":[{"id":1587,"href":"https:\/\/nueva.apostillarencolombia.com\/index.php?rest_route=\/wp\/v2\/pages\/808\/revisions\/1587"}],"wp:attachment":[{"href":"https:\/\/nueva.apostillarencolombia.com\/index.php?rest_route=%2Fwp%2Fv2%2Fmedia&parent=808"}],"curies":[{"name":"wp","href":"https:\/\/api.w.org\/{rel}","templated":true}]}}